 - 6. Let u be h(5). Suppose u*b + 2*g - 9 = -b, 8 = -2*b + 5*g. What is the tens digit of (-2 - -4) + 23/b?
2
What is the units digit of 493 + 7/7*3?
6
Suppose -4*u + 1700 = u. Suppose 3*k + 2*k = u. What is the units digit of k?
8
What is the units digit of (7 - (9 + -10)) + 349?
7
Let i = -3612 - -5778. What is the units digit of i?
6
Let c = 5232 - 2610. What is the thousands digit of c?
2
Let b(c) = -1. Let r(g) = 10*g + 5. Let u(y) = 2*b(y) + r(y). Let t be u(-3). Let i = -21 - t. What is the units digit of i?
6
Let i(r) = r**3 + 7*r**2 - 6*r - 22. Let g be i(-8). Suppose -168 = 4*d + 44. Let k = g - d. What is the tens digit of k?
1
Let d = 12 - 16. Let b(o) = -o - 5. Let q be b(d). What is the units digit of (q/2)/(2/(-20))?
5
What is the units digit of 2684368/952 + (-2)/(-7)?
0
Let c = 42 - -21. What is the units digit of (-48)/((-60)/c - 6/(-21))?
2
Suppose 3*h + 19584 = 4*c, 4*c - 2*c = -5*h + 9792. What is the hundreds digit of c?
8
Let u = -78 + 413. What is the units digit of u?
5
Let v = -690 - -1389. What is the tens digit of v?
9
Let s(p) = 21*p**2 + 5*p - 2. Suppose 4*d + d = 15. Let h be s(d). Suppose 38 = g - 2*c, 3*g - 2*c + h = 8*g. What is the units digit of g?
0
Suppose 56*y + 3157 = 151445. What is the thousands digit of y?
2
Suppose 0 = -3*m + 6, -m = -4*p + 1054 + 2636. What is the units digit of p?
3
Let z be (2/8)/(9/108). Let h(k) = -k + 21*k - z + 0. What is the units digit of h(2)?
7
What is the hundreds digit of 1046520/300 - (-4)/(-10)?
4
Suppose 0 = -4*d + 2 + 22. Let r = -6 + d. Suppose 0 = -2*u + 4*u - q - 71, -5*u - q + 188 = r. What is the tens digit of u?
3
Suppose -11 - 24 = 7*s. What is the units digit of ((-22)/4)/(s/130)?
3
Let j be (-140)/44 - (-2)/11. Let k be j/(-6) + 10/4. What is the units digit of (-26)/(-39) + 22/k?
8
Let a = -2 - 18. Let h = a + 24. Suppose -3*t - 3*z = -180, h*t + 0*z + z = 228. What is the units digit of t?
6
Let c(z) = z**2 + 14*z - 50. What is the units digit of c(-17)?
1
Suppose -29*q = -31*q - 14. What is the units digit of (-179)/(-3)*(q - -4)*-1?
9
Let p be 2*(-1 - 5/2). Let g = p - -25. What is the tens digit of (34/(-4))/((-9)/g)?
1
Let i(f) = 6*f - 6. Let s(v) = 7*v - 6. Let y(r) = 6*i(r) - 5*s(r). Let b be y(9). Suppose b*t - 75 = -2*t. What is the tens digit of t?
1
Suppose 8*j = 5*j - 15. Let n(r) = -13*r + 27. What is the units digit of n(j)?
2
Let n be (-96)/10 + 6/10. Let v = n + 106. Suppose -g - v = -2*z, z + g - 3*g - 44 = 0. What is the tens digit of z?
5
Let g(h) = h**2 - 7*h - 55. Let v be g(-6). What is the tens digit of (v - 3)*4 + (-5 - -3)?
7
Let v = 92 - 48. Suppose -y - v = -102. What is the tens digit of y?
5
Suppose -2*i + 24 = 4*m - i, 4*i + 12 = 2*m. Let w = 76 - m. Let j = -42 + w. What is the units digit of j?
8
Let v(b) = 30 + 31 - 52 - b**2 + 12*b. What is the tens digit of v(10)?
2
Let g = 4536 - 3195. What is the thousands digit of g?
1
Let s = 53 + -50. Suppose -274 = -s*d + 29. What is the units digit of d?
1
Let y = -851 + 1076. What is the tens digit of y?
2
Let h(x) = 44*x + 2 - 73*x + 37*x - x**3 + 7*x**2. Let f be h(8). Suppose -f*d - 110 = -4*d. What is the tens digit of d?
5
Let s = 29 - -8. Let y = 52 - s. Suppose -15*k = -10*k - y. What is the units digit of k?
3
Suppose 86 = -5*m - 2*d - 84, 136 = -4*m + 2*d. What is the units digit of (-1024)/(-9) + m/(-153)?
4
Suppose -13*q = -23*q + 2380. What is the hundreds digit of q?
2
Let z = -16 + 44. What is the tens digit of z?
2
Let j be -1 + -6 + 4 + 9. Let w(o) = 0 - 1 - j - 14*o + 3. What is the tens digit of w(-4)?
5
Let b(v) = -v - 6. Let w(t) = -3*t - 17. Let g(q) = 11*b(q) - 4*w(q). What is the units digit of g(0)?
2
Let a be -1 - 4/(16/(-12)). Let o(p) = p - 1. Let m be o(1). Suppose a*s + m*s - 50 = 0. What is the units digit of s?
5
Let c(b) = -36*b**3 - 12*b**2 - 15*b - 23. What is the hundreds digit of c(-3)?
8
Suppose 5*p + 263 = 2*f, -130 = -f - 2*p + 5*p. Let y = f + -83. What is the units digit of y?
6
Suppose -3*i = -3*t - 2 - 13, -2*t = 3*i. Suppose -3 = i*y - 9. Suppose -y*n + 13 + 32 = 0. What is the tens digit of n?
1
Let m be 2/(1 - (-2)/(-4)). Suppose -2*n = n - 3*v - 165, m*v + 12 = 0. What is the tens digit of n?
5
What is the tens digit of -65*((-14)/6)/7*9?
9
What is the hundreds digit of 17350/75*(-30)/(-4)?
7
Let u(i) = 287*i - 1280. What is the units digit of u(6)?
2
Let y(h) = 13*h**2 - 9*h + 51. What is the units digit of y(5)?
1
Let r = 1852 + -842. What is the thousands digit of r?
1
Suppose 1 = -i + 4. Suppose 5*z + i*w - 608 = 0, 0 = -z - 2*w - 22 + 145. What is the hundreds digit of z?
1
Suppose -s = -3*y + 4034, -18*y = -14*y - 5*s - 5397. What is the thousands digit of y?
1
Let p(v) = -7*v**3 - v**2 - 3*v - 1. Let h be p(-1). Suppose -25 = -4*q + 63. Let m = q + h. What is the tens digit of m?
3
Let h = -233 + 333. What is the tens digit of h?
0
Suppose 7 = -w + 57. Suppose 14*z - 19*z = 0. What is the units digit of 1 - w*(z + -1)?
1
Let u(b) = b**2 - b - 4. Let x be u(-2). Suppose 0 = -4*i + x*i + 78. Suppose 4*j - v = i, 0 = 2*j - 0*v + 4*v - 42. What is the units digit of j?
1
Let t(o) = 18*o - 81. Let y(d) = d**3 + 10*d**2 + 8*d + 7. Let b be y(-9). What is the tens digit of t(b)?
0
Let m(t) = -2*t - 9. Let f be m(-10). Suppose v - f = -5. What is the units digit of 15/(-2)*(-4)/v?
5
Let f(o) be the third derivative of 23*o**5/30 - o**4/12 - o**3/6 + 11*o**2. What is the tens digit of f(-1)?
4
Suppose -4*r + 406 = w - 94, 0 = 4*w + 4*r - 2048. What is the hundreds digit of w?
5
Suppose 2*s + 360 = 5*s. Suppose -4*h - s = -6*h. What is the units digit of h?
0
Let i(y) = 2*y**3 - 2*y**2 - 9*y + 12. Let z be (-4 + (3 - 0))*-4. What is the units digit of i(z)?
2
Let t = -265 - -132. Let b = 260 + t. What is the units digit of b?
7
Let v = -70 - -69. What is the hundreds digit of ((-16)/(-10))/1*(81 + v)?
1
What is the hundreds digit of -2 - (-70)/4*(-1340)/(-25)?
9
Let w = -24 + 6. Let h = 156 + w. Suppose -4*j + 5*s + h = 0, 2*s + 38 = j - s. What is the units digit of j?
2
Let m be (12 - 9)*6*-1. Let l = m - -35. What is the units digit of l?
7
Suppose -11*a = -25*a + 8008. What is the hundreds digit of a?
5
Let u(n) = -23*n**3 - 5*n**2 - 11*n - 1. What is the tens digit of u(-3)?
0
Suppose -o + 22 = -3*p - p, o = 2*p + 14. Let z = o - 5. What is the units digit of -1*(-22 + 3) - z?
8
Let b be (-45)/(-36) + (-6)/(-8). Suppose 0 = -b*w + 18. What is the units digit of w?
9
Let v = 51 + -47. Suppose 5*f - i - 580 = -6*i, v*i - 242 = -2*f. What is the units digit of f?
1
Suppose 0 = -4*r + 5*j + 26, 0 = r - j - 3*j - 1. Let m(x) = -x**2 + x + 7. Let q be m(r). What is the units digit of (-18)/(-12) - q/2?
4
Let x be 9/2*32/12. Suppose 0 = y - 5*h + 14, 3*h = -h + x. Suppose 1 = 2*i - y. What is the units digit of i?
1
Let w(g) = -g**3 + 13 - 62*g**2 + 8*g + 76*g**2 + 2*g**3. What is the tens digit of w(-13)?
7
What is the tens digit of 15/(-9)*(-10128)/40?
2
Let o(f) = -7 - 3*f - 3*f - 5*f - f**2. Let m be o(-8). Suppose -c = h - m, 0*c = 2*h + 4*c - 42. What is the tens digit of h?
1
Suppose 462*x - 458*x - 792 = 0. What is the tens digit of x?
9
Let l = -93 - -93. Let i(v) = -3*v + 28. What is the tens digit of i(l)?
2
Let b(v) be the third derivative of v**5/30 - v**4/24 - v**3/2 - v**2. Suppose 0 = -7*y + 29 - 1. What is the units digit of b(y)?
5
Suppose 5*c - 703 = -2*n, c = -n - 0*c + 344. Let f = 212 - n. What is the tens digit of 14/(-35) - f/5?
2
Let b(p) = 408*p**2 - 14*p + 32. What is the units digit of b(2)?
6
Let n be 10/3*3/2. Suppose -z = n*z - 12. Suppose z*d = 5*h - 224, 5*h - 3*d - d = 228. What is the tens digit of h?
4
Let j(n) = -n + 7. Let i be j(5). Suppose -27 = -i*w - f, 5*w = 2*f + 73 - 1. What is the tens digit of (-8)/w - (-2225)/35?
6
What is the tens digit of 6 - ((-6198)/6 + -8)?
4
Let y(j) = -3*j**2. Let t be (0/1)/(9 + -10). Let v be y(t). Suppose v = 5*g - 21 - 29. What is the units digit of g?
0
Suppose 269 = 3*l + m + m, 5*l + 2*m - 455 = 0. What is the units digit of l?
3
What is the tens digit of (1 - -5)*24 + (-1 - -6)?
4
Let y(s) = -3*s - 15. Let k be y(-13). Let n = k + -16. What is the units digit of n?
8
Suppose -2*n - 2 = -4*o - 4, 4*n + 2*o = 24. Suppose n*j = 4*v - v - 150, -2*v = -5*j - 95